{"id":43,"date":"2024-04-17T21:12:11","date_gmt":"2024-04-17T19:12:11","guid":{"rendered":"https:\/\/www.burtscheider-sv.de\/wordpress\/?page_id=43"},"modified":"2024-04-17T21:29:57","modified_gmt":"2024-04-17T19:29:57","slug":"trainingstermine","status":"publish","type":"page","link":"https:\/\/www.burtscheider-sv.de\/wordpress\/abteilungen\/tai-chi-chuan\/trainingstermine\/","title":{"rendered":"Trainingstermine"},"content":{"rendered":"\n<p><strong>Trainingszeiten:<\/strong><\/p>\n\n\n\n<ul class=\"wp-block-list\">\n<li>Mittwoch: 18:30 \u2013 20 Uhr<\/li>\n\n\n\n<li>Donnerstag: 19:00 \u2013 20:00 Uhr<\/li>\n<\/ul>\n\n\n\n<p>Beides sind gemischte Gruppen, so dass Anf\u00e4nger und Fortgeschrittene zusammen trainieren. Dennoch lernt jeder nach seinem K\u00f6nnen im eigenen Tempo. Beide Trainingstermine k\u00f6nnen wahrgenommen werden.<\/p>\n\n\n\n<p><strong>Wo?<\/strong><\/p>\n\n\n\n<p>Katholische Grundschule<br>Michaelsbergstra\u00dfe 14<br>Aachen-Burtscheid.<\/p>\n","protected":false},"excerpt":{"rendered":"<p>Trainingszeiten: Beides sind gemischte Gruppen, so dass Anf\u00e4nger und Fortgeschrittene zusammen trainieren. Dennoch lernt jeder nach seinem K\u00f6nnen im eigenen Tempo. Beide Trainingstermine k\u00f6nnen wahrgenommen werden. Wo? Katholische GrundschuleMichaelsbergstra\u00dfe 14Aachen-Burtscheid.<\/p>\n","protected":false},"author":1,"featured_media":0,"parent":23,"menu_order":0,"comment_status":"closed","ping_status":"closed","template":"","meta":{"footnotes":""},"class_list":["post-43","page","type-page","status-publish","hentry"],"_links":{"self":[{"href":"https:\/\/www.burtscheider-sv.de\/wordpress\/wp-json\/wp\/v2\/pages\/43","targetHints":{"allow":["GET"]}}],"collection":[{"href":"https:\/\/www.burtscheider-sv.de\/wordpress\/wp-json\/wp\/v2\/pages"}],"about":[{"href":"https:\/\/www.burtscheider-sv.de\/wordpress\/wp-json\/wp\/v2\/types\/page"}],"author":[{"embeddable":true,"href":"https:\/\/www.burtscheider-sv.de\/wordpress\/wp-json\/wp\/v2\/users\/1"}],"replies":[{"embeddable":true,"href":"https:\/\/www.burtscheider-sv.de\/wordpress\/wp-json\/wp\/v2\/comments?post=43"}],"version-history":[{"count":2,"href":"https:\/\/www.burtscheider-sv.de\/wordpress\/wp-json\/wp\/v2\/pages\/43\/revisions"}],"predecessor-version":[{"id":64,"href":"https:\/\/www.burtscheider-sv.de\/wordpress\/wp-json\/wp\/v2\/pages\/43\/revisions\/64"}],"up":[{"embeddable":true,"href":"https:\/\/www.burtscheider-sv.de\/wordpress\/wp-json\/wp\/v2\/pages\/23"}],"wp:attachment":[{"href":"https:\/\/www.burtscheider-sv.de\/wordpress\/wp-json\/wp\/v2\/media?parent=43"}],"curies":[{"name":"wp","href":"https:\/\/api.w.org\/{rel}","templated":true}]}}